 prime factors of s.
2, 5, 7, 89
Let w(d) = 5*d**3 - 4*d**2 + 4*d - 22. What are the prime factors of w(7)?
5, 61
Let y(h) be the first derivative of h**4/12 + 2*h**3/3 - h**2/2 + 5*h - 8. Let s(x) be the first derivative of y(x). What are the prime factors of s(-6)?
11
Let o(d) = -d**2 - 20*d + 32. List the prime factors of o(-20).
2
Let g = 14 - 10. Let v(t) = 2*t**3 - 6*t**2 + 2*t + 8. What are the prime factors of v(g)?
2, 3
Let g = 4 + -10. Suppose 3*c - 12 = -21. What are the prime factors of (-35)/c + (-2)/g?
2, 3
Suppose -5*s = s - 114. Suppose 0 = 2*w - s - 7. List the prime factors of w.
13
Let z(o) = 8*o**2 - 2*o + 1. Let f be z(2). Let j = f - -20. What are the prime factors of j?
7
What are the prime factors of (87/2)/((-6)/(-76))?
19, 29
Suppose -2*f + 895 + 444 = -3*p, 0 = 2*f + 4*p - 1374. What are the prime factors of f?
677
Let j(v) = 151*v**2 + 16*v + 6. Let z(s) = -50*s**2 - 5*s - 2. Let d(c) = -2*j(c) - 7*z(c). What are the prime factors of d(-1)?
47
Let u(m) be the second derivative of m**5/60 + m**4/12 + m**3/2 + 2*m**2 + 6*m. Let g(y) be the first derivative of u(y). What are the prime factors of g(-2)?
3
Let q(w) = w**2 + 10*w + 15. Let x be q(-9). Suppose -x*s + 8*s - 158 = 0. List the prime factors of s.
79
Let t = -13 + 18. Suppose -3*n - 3*u + 27 = 0, -95 = -t*n + u + 4*u. Let w = n + -8. What are the prime factors of w?
2, 3
Let p be 42/4*16/(-12). Let f = p - -17. Suppose 4*i - i = -4*b + 113, -61 = -2*b + f*i. List the prime factors of b.
29
What are the prime factors of 34/14 + -2 + 319/7?
2, 23
Let j be (-1827)/(-5) + 8/(-20). Suppose 8*b - 315 = j. List the prime factors of b.
5, 17
Suppose -6*g + 30 = -3*g. Let m(z) = -6*z + z**2 + 2*z + g*z - 9. List the prime factors of m(-8).
7
Let u = -44 + 74. Let b = u - 75. What are the prime factors of (-1836)/b + (-4)/5?
2, 5
Suppose 64 + 4202 = 9*l. List the prime factors of l.
2, 3, 79
Let l(h) = h + 12. Let v be l(-9). Let b(j) = 6 - 3 + 12*j - v. List the prime factors of b(2).
2, 3
Let d = 838 + -328. Suppose 10*p + d = 12*p. List the prime factors of p.
3, 5, 17
Suppose 11 = 5*z - 24. Let c(m) be the third derivative of -m**6/120 + m**5/10 + 5*m**4/12 - 3*m**3/2 - m**2 - 34*m. What are the prime factors of c(z)?
2, 3
Let v(y) = -2*y**3 + 3*y**2 + 29*y + 31. List the prime factors of v(-7).
661
Let z(j) = -2*j**2 + 14*j - 7. Let c(o) = 4*o**2 - 27*o + 13. Let l(i) = -2*c(i) - 5*z(i). Let t be l(12). What are the prime factors of (300/t)/((-1)/(-7))?
2, 5
Let b(o) = -o - 4. Let r be b(-6). Let c be 5/(2/(0 + r)). Let v = c - -4. What are the prime factors of v?
3
Let r(t) = -3*t + 9. Let b be r(-7). Let f be (b/25)/(4/70). Let j = -7 + f. List the prime factors of j.
2, 7
Suppose -2*s + 75 = 3*s. Suppose 5*o = s, -3*l + o + 90 = 2*o. List the prime factors of l.
29
Let k(l) = 2*l**2 - 3*l - 4. What are the prime factors of k(8)?
2, 5
Let z(p) = p**3 - p**2 - 4*p. Let b be z(3). Let j(l) = -b*l**3 + 5*l**3 + 2*l + 0*l**3 + l**2. What are the prime factors of j(-2)?
2
Let c = 662 + 498. What are the prime factors of c?
2, 5, 29
Let j = 74 + -11. Let a be j/12 - 2/8. Suppose -a*c + 122 = -3*r, 0*c - 38 = -c + 4*r. What are the prime factors of c?
2, 11
Let t = -173 + 991. List the prime factors of t.
2, 409
Let x be (-309)/2*12/(-18). Let u = x - -28. List the prime factors of u.
131
Let l(i) = 6*i**2 - 19*i - 153. List the prime factors of l(-11).
2, 17, 23
Suppose 3*d - 1253 = -5*v, -23*v + 28*v = d - 411. What are the prime factors of d?
2, 13
Suppose -4*a + 0 = -16. Suppose -5*r - 14 = -3*x, 4*x - a*r + 8 - 24 = 0. List the prime factors of x/15 + (-144)/(-5).
29
List the prime factors of 72/252 - (-1)/((-7)/(-922)).
2, 3, 11
Let v(k) = -k**2 + 17 - 10*k - 54 + 0*k**2 + 36*k. What are the prime factors of v(19)?
2, 3
Suppose 3*s = -0*s - 9. Let l(o) = -18*o + 3. What are the prime factors of l(s)?
3, 19
Suppose -5*d + 2*d + 9 = 0. Let c(j) = 9*j - 3. What are the prime factors of c(d)?
2, 3
Let r(q) = -q + 13. Let u be 23/4 - (-6)/24. Let y be r(u). Let o = -3 + y. List the prime factors of o.
2
Suppose 6131 = 4*b - 5997. What are the prime factors of b?
2, 379
Let n be ((-20)/(-12) - 1)/((-2)/(-9)). Suppose 2*z + n*m = 234, -2*m + 585 = 5*z - 3*m. What are the prime factors of z?
3, 13
Let o(t) = -t - 12. Let y be o(-14). Let k(n) = 5*n**y - 5*n**3 - 10*n + 8*n**2 - 7 + 4*n**3. List the prime factors of k(12).
17
Suppose 0 = -4*q - 0*q + 2*x + 6514, 0 = 5*q + 3*x - 8148. What are the prime factors of q?
3, 181
Suppose -5*x + 1 - 11 = 0. Let n(s) = 3*s**2 + 3. Let w be n(-2). Let r = x + w. List the prime factors of r.
13
Suppose -5*n + 752 = 152. Let o = n + -71. What are the prime factors of o?
7
Suppose -x = x + 3*n - 10, -2*n - 44 = -5*x. Suppose -4*f - 4 = -44. Suppose x = b - f. List the prime factors of b.
2, 3
Let a(m) = -m**2 + m - 12. Let d be a(0). Let v = d + 45. Suppose 0*r - v = -2*r - 5*t, 26 = 2*r - 2*t. What are the prime factors of r?
2, 7
Suppose 155 = 5*p + 35. Let b be -3*(p/9)/2. List the prime factors of (282/(-9))/(b/6).
47
Let q = -3 + -7. What are the prime factors of 10*(-1 + q/(-4))?
3, 5
Suppose -2*t + 7 + 52 = -3*y, -4*t + 121 = -5*y. Let j = t + 7. What are the prime factors of j?
41
List the prime factors of (-33)/(-1)*658/42.
11, 47
Let q be (-2 - 4) + (-6)/(-2). Let n = -12 - q. Let m(s) = s**3 + 9*s**2 - 3*s - 13. List the prime factors of m(n).
2, 7
Suppose -47*p + 105462 = 7*p. List the prime factors of p.
3, 7, 31
Suppose -2588 - 1970 = -d - 3*i, -4*i = 4*d - 18240. List the prime factors of d.
4561
Let t be (-16)/(-2 - (-5)/2). Let i = -17 - t. What are the prime factors of i?
3, 5
List the prime factors of 2397/(-2)*56/(-84).
17, 47
Suppose -4*r = -5*a + 263 + 353, 244 = 2*a - 4*r. Suppose -3*c - 98 + 311 = 0. Let x = a - c. List the prime factors of x.
53
Suppose -534 - 821 = -5*m. Let r = m - 155. List the prime factors of r.
2, 29
Let y = -2469 - -3609. What are the prime factors of y?
2, 3, 5, 19
Let y be 8/(-28) + (-584)/14. Let c be 3*7/(y/20). List the prime factors of (-24)/40 - 286/c.
2, 7
What are the prime factors of (4*3/(-24))/((-5)/2820)?
2, 3, 47
Let r be (22 - 111) + -1 + -2. Let i = r + 141. What are the prime factors of i?
7
Let t(q) = -2*q**2 - 3*q + 11. Let o(r) = -r**2 - r + 5. Let d(i) = 5*o(i) - 2*t(i). Let f be d(3). List the prime factors of 28*4*f/(-12).
2, 7
Suppose 0 = -19*y + 53 + 54439. What are the prime factors of y?
2, 3, 239
Let c be (-38)/(-9) - (1 - 14/18). Suppose 2*h + 0*t + c*t = 216, 2*h = t + 211. List the prime factors of h.
2, 53
Suppose -11*f + 18*f = -42. Let d = 149 + f. List the prime factors of d.
11, 13
Suppose -20*j + 0*j + 35640 = 0. What are the prime factors of j?
2, 3, 11
Let w(j) = j**2 - 4*j. Let g be w(4). Suppose -5*n + 4*k - 40 = 6*k, 5*n - 3*k + 40 = g. Let o = n + 42. List the prime factors of o.
2, 17
Let u(w) = -w - 7. Let y be u(-3). Let q be -3 - (y - -10)/(-2). Suppose q*p - 3*p + 216 = 0. List the prime factors of p.
2, 3
Suppose -3*i - 3*d = -15600, 5212 = 35*i - 34*i + 4*d. List the prime factors of i.
2, 3, 433
Suppose -c + 3*c + 870 = 2*l, -420 = -l - 2*c. Let d = 614 - l. List the prime factors of d.
2, 23
What are the prime factors of 3678/7*-14*16/(-48)?
2, 613
Let m(j) = -j**2 + 4*j - 4. Let h be m(2). Let o be (0 + -28 + h)/(-2). Suppose 9*p = o*p - 165. List the prime factors of p.
3, 11
Let a = 7 + -2. Suppose -w = -6*w - a. What are the prime factors of 3*w*70/(-15)?
2, 7
Let f(i) = 1377*i + 25. What are the prime factors of f(2)?
7, 397
Suppose 18*y - 3546 = 15*y. What are the prime factors of y/14 - 66/154?
2, 3, 7
Suppose -4*m + m - 141 = 3*x, -3*m - 91 = 2*x. List the prime factors of (-2)/((-5)/25*(-4)/x).
5
Suppose 12*h = 4130 + 514. What are the prime factors of h?
3, 43
Suppose -4*t + 25 = 5*q, 15 = 2*t + 3*q + 2*q. Suppose 0*b + 2*h + 81 = b, t*h + 72 = b. What are the prime factors of b?
3, 29
Let g(u) = 14*u + 1. Suppose z = -2*z - 6. Let a be g(z). List the prime factors of 1/((-3)/a)*1.
3
Let z be (-378)/(-4) + 1/(-2). Let f = -20 + -40. Let b = f + z. What are the prime factors of b?
2, 17
Let x(a) be the third derivative of 1/120*a**6 - 1/3*a**3 - a**2 + 0 - 7/24*a**4 - 1/30*a**5 + 0*a. What are the prime factors of x(5)?
2,